. Calculate j(3).
101
Let p(l) = -l**2 + 14*l - 15. Calculate p(12).
9
Let a(r) = -r**3 + 6*r**2 - 7*r + 4. Give a(3).
10
Let r(l) = l**2 - 4*l - 2. Give r(6).
10
Let x(h) = 3*h**2 + 6*h + 4. Calculate x(-6).
76
Let v(t) = t - 20. Calculate v(-11).
-31
Let u(z) = 10*z - 2. Calculate u(2).
18
Let u(k) = 131*k + 139. Give u(-1).
8
Let z(q) = q**3 - 19*q**2 + 24*q - 110. Give z(18).
-2
Let j(v) = -v**2 - 11*v - 6. Calculate j(-7).
22
Let g(p) = -30*p + 4. Calculate g(-1).
34
Let g(b) = -11*b**2 - 143*b. Calculate g(-13).
0
Let o(c) = c**3 + c**2 - 2*c - 18. Determine o(0).
-18
Let u(q) = q**3 - 6*q**2 + 3*q + 14. Give u(5).
4
Let j(d) = 3*d**2 - 3*d + 4. What is j(2)?
10
Let i(b) = -b**2 - 3*b + 8. What is i(-8)?
-32
Let n(o) = -o**3 - 8*o**2 - 12*o + 6. What is n(-6)?
6
Let i(j) = 10*j**2 - 4*j - 2. What is i(-3)?
100
Let k(q) = q**2 - 7*q - 45. What is k(-4)?
-1
Let w(v) = 2*v**3 + 4*v**2 + 1. Calculate w(-3).
-17
Let w(v) = v + 5. Determine w(3).
8
Let x(h) = -h**3 + 6*h**2 + 9*h - 11. Give x(7).
3
Let b(i) = i - 7. Determine b(-4).
-11
Let x(g) = -16*g**2 - 1. What is x(-1)?
-17
Let q(r) = r**2 + 9*r + 4. What is q(-9)?
4
Let r(d) = d**3 - 6*d**2 + 8. Calculate r(6).
8
Let k(w) = w**2 + 5*w - 4. Calculate k(-4).
-8
Let v(a) = -5*a + 58. Determine v(15).
-17
Let d(j) = -j**2 - 2*j + 14. What is d(0)?
14
Let o(v) = -v**2 - 5*v + 3. Give o(-4).
7
Let v(q) = q**2 + 2*q - 17. What is v(3)?
-2
Let p(y) = y - 32. Give p(-13).
-45
Let o(f) = f**3 + 7*f**2 + 13*f + 7. Calculate o(-5).
-8
Let j(w) = -7*w + 42. Calculate j(9).
-21
Let u(w) = w + 6. Give u(-5).
1
Let x(o) = 12*o + 777. Calculate x(-65).
-3
Let k(t) = -5*t - 6. Calculate k(-2).
4
Let w(o) = 18*o + 58. Determine w(-3).
4
Let x(r) = 3*r - 8. What is x(-3)?
-17
Let t(m) = m**2 + 15*m + 26. Give t(-13).
0
Let f(t) = t + 7. Give f(9).
16
Let w(i) = 5*i**2 - 3*i. Determine w(-2).
26
Let v(m) = 2*m**3 - 17*m**2 + 20*m + 8. Give v(7).
1
Let i(x) = 10*x - 2. Calculate i(5).
48
Let w(s) = -3*s - 11. Determine w(13).
-50
Let w(f) = f**3 + 10*f**2 - 26*f - 7. Determine w(-12).
17
Let o(f) = -f**3 - 13*f**2 + 5*f + 39. Determine o(-13).
-26
Let x(v) = v**3 + 8*v**2 + 11*v - 12. Give x(-6).
-6
Let o(v) = -v**2 + 25*v - 70. Give o(21).
14
Let u(j) = 3*j**2 + 109*j - 86. Determine u(-37).
-12
Let b(v) = -2*v + 6. Determine b(-16).
38
Let o(w) = -w**3 - 10*w**2 - 5*w + 8. Give o(-9).
-28
Let d(r) = r**3 + 7*r**2 + 3*r - 2. Determine d(-6).
16
Let s(b) = -2*b**2 + 13*b - 28. Calculate s(5).
-13
Let f(p) = p**3 + 32*p**2 + 2*p + 50. Give f(-32).
-14
Let k(s) = -s**3 + 19*s**2 - 17*s - 26. Determine k(18).
-8
Let f(k) = -k**3 + 13*k**2 - 17*k - 15. Calculate f(12).
-75
Let v(f) = -19*f**2 + 3*f - 3. Calculate v(1).
-19
Let v(n) = -2*n**3 - 24*n**2 - 24*n - 18. Give v(-11).
4
Let g(i) = -i**3 - 13. What is g(0)?
-13
Let r(q) = -q**3 - 3*q**2 + 2. What is r(-2)?
-2
Let f(v) = -v**3 + 27*v**2 + 55*v + 93. What is f(29)?
6
Let g(v) = -v**3 - 17*v**2 - 18*v - 19. What is g(-16)?
13
Let s(n) = 9*n - 149. What is s(17)?
4
Let v(o) = 5*o + 90. Determine v(-17).
5
Let s(b) = 21*b + 4. Determine s(-4).
-80
Let c(x) = -35*x - 99. Determine c(-3).
6
Let o(y) = -11*y**2 - 3*y - 2. Calculate o(-2).
-40
Let y(t) = 3*t**3 - 2*t**2 - 2*t + 4. Determine y(2).
16
Let k(t) = 3*t**2 - 29*t - 10. Give k(10).
0
Let i(m) = 5*m + 42. Give i(-8).
2
Let d(o) = 2*o + 31. What is d(-13)?
5
Let a(l) = 4*l**2 + 72*l + 4. What is a(-18)?
4
Let b(n) = -2*n**2 + 48*n + 160. Determine b(-3).
-2
Let h(g) = 4*g - 1. Calculate h(2).
7
Let t(l) = 4*l**2 - 10*l + 10. Determine t(3).
16
Let l(b) = 99*b + 987. Determine l(-10).
-3
Let o(v) = -v**3 + 25*v**2 - 47*v - 11. Calculate o(23).
-34
Let t(x) = -x**2 + 16*x - 31. What is t(13)?
8
Let s(y) = 14*y + 4. Give s(-1).
-10
Let n(b) = -2*b**2 - 31*b + 39. Calculate n(-16).
23
Let y(a) = -a**2 - 5*a + 7. Give y(-7).
-7
Let v(t) = -t**2 - 6*t + 8. Give v(-7).
1
Let t(a) = -5*a + 14. Give t(-6).
44
Let c(s) = 52*s**3 + s**2 + s - 1. Calculate c(1).
53
Let j(w) = -9*w**2 - 11*w + 5. What is j(-2)?
-9
Let a(l) = -3*l - 15. Give a(-9).
12
Let t(g) = -53*g - 474. Calculate t(-9).
3
Let f(t) = t - 4. Give f(7).
3
Let v(f) = -f**2 + 11*f - 18. Give v(11).
-18
Let t(a) = a**3 - 4*a**2 - 8*a + 17. Determine t(5).
2
Let h(x) = x**2 + 27*x - 159. Determine h(5).
1
Let u(m) = m**3 + 10*m**2 + 10*m - 6. Give u(-8).
42
Let o(w) = -w**2 - 19*w + 7. Give o(-10).
97
Let j(q) = q**2 + 5*q + 7. What is j(-5)?
7
Let s(o) = o**3 - 7*o**2 - 6*o - 10. Determine s(7).
-52
Let r(x) = -2*x**3 + 3*x**2 - x - 1. Give r(3).
-31
Let v(a) = a**3 - 2*a**2 - 6*a - 1. Calculate v(4).
7
Let i(d) = d**2 - 3. Give i(-4).
13
Let q(t) = -t**3 - 6*t**2 + 18*t + 19. Determine q(-8).
3
Let w(z) = -z**3 + z**2 - 3. What is w(3)?
-21
Let g(s) = 6*s + 59. What is g(-11)?
-7
Let r(g) = 2*g**2 - 21*g + 20. Give r(9).
-7
Let o(c) = -35*c - 39. Calculate o(4).
-179
Let j(f) = -10*f**2 - 5*f + 19. Determine j(-5).
-206
Let n(s) = s + 10. What is n(-7)?
3
Let j(l) = l**3 + 11*l**2 - 14*l + 18. Calculate j(-13).
-138
Let o(i) = -2*i + 4. Give o(-5).
14
Let v(o) = 5*o + 41. Determine v(-9).
-4
Let d(v) = 2*v**2 + 14*v - 6. Give d(-6).
-18
Let i(j) = 5*j**2 + 20*j + 9. Give i(-4).
9
Let g(j) = 2*j - 21. Determine g(-7).
-35
Let u(w) = -w**3 - 7*w**2 + 18. What is u(-6)?
-18
Let b(d) = 4*d**3 - 32*d**2 + 6*d - 51. What is b(8)?
-3
Let o(f) = -7*f - 16. Determine o(-2).
-2
Let a(x) = -x**2 + 5*x - 7. Give a(6).
-13
Let r(k) = -k**3 + 20*k**2 - 23*k + 35. What is r(19)?
-41
Let g(n) = -28*n**3 - 3*n - 2. Calculate g(-1).
29
Let n(c) = 6*c - 5. What is n(6)?
31
Let k(a) = a**3 + 2*a**2 + 5*a - 2. Give k(2).
24
Let b(l) = -20*l**2 - 1. Give b(1).
-21
Let p(d) = d**3 + 11*d**2 + 14*d + 17. What is p(-10)?
-23
Let u(m) = -3*m**2 - 24*m - 18. Calculate u(-9).
-45
Let m(d) = -d**3 + 13*d**2 + 14*d + 7. What is m(14)?
7
Let k(c) = c + 8. Calculate k(-4).
4
Let r(m) = -m**3 + 11*m**2 + 11*m + 11. Calculate r(12).
-1
Let m(a) = a**2 + 15*a - 22. Give m(-17).
12
Let r(k) = -k**2 - 19*k - 28. Give r(-17).
6
Let t(s) = -2*s**3 - 2*s**2 + 2. Determine t(-3).
38
Let u(n) = -3*n**2 + 4*n - 5. What is u(5)?
-60
Let w(m) = -m**3 - 9*m**2 - 7*m + 8. Give w(-8).
0
Let i(v) = v**2 - v - 1. What is i(6)?
29
Let z(k) = -k**2 + 2*k + 13. What is z(0)?
13
Let w(k) = 15*k**2 + 6*k - 1. Determine w(1).
20
Let r(c) = -c**2 + 226. What is r(15)?
1
Let l(i) = -15*i - 1. Determine l(1).
-16
Let v(d) = -d**2 - 13*d - 44. Determine v(-7).
-2
Let h(j) = -4*j**3 + 1. What is h(-1)?
5
Let t(v) = 2*v**2 - 29*v + 74. Give t(11).
-3
Let r(q) = q**2 - 11*q + 24. Calculate r(4).
-4
Let y(k) = 5*k + 14. Calculate y(-4).
-6
Let l(d) = d**3 - 9*d**2 - d + 12. Calculate l(9).
3
Let d(i) = i**3 - 11*i**2 - 31*i + 13. Determine d(13).
-52
Let q(c) = -c**2 + 6*c + 30. Calculate q(-5).
-25
Let n(p) = p + 39. Determine n(9).
48
Let q(f) = -f + 7. Determine q(12).
-5
Let s(d) = d**3 - 4*d**2 - 4*d + 4. What is s(5)?
9
Let b(i) = i**2 + 4*i - 3. Give b(2).
9
Let m(y) = -3*y**2 + 33*y - 13. Determine m(13).
-91
Let m(z) = z**3 + 12*z**2 + 15*z + 16. Determine m(-11).
-28
Let c(d) = 26*d**2 + 3*d + 3. Determine c(-1).
26
Let z(v) = v**3 - 2*v**2 - 25*v - 13. Give z(6).
-19
Let c(i) = 3*i**2 - 290*i - 93. Calculate c(97).
4
Let o(z) = z**3 - 8*z**2 - 7*z + 10. Determine o(9).
28
Let h(d) = 13*d + 92. Determine h(-5).
27
Let y(z) = 6*z - 14. Calculate y(11).
52
Let x(r) = r**3 + 24*r**2 - r - 28. Give x(-24).
-4
Let t(b) = 24*b - 11. What is t(-1)?
-35
Let p(d) = -d + 18. Calculate p(16).
2
Let j(x) = -x**2 - 20*x - 115. Determine j(-14).
-31
Let j(g) = -4*g**3 - g**2 - g - 1. Give j(-2).
29
Let t(b) = -2*b**3 - 66*b**2 - b - 33. What is t(-33)?
0
Let i(w) = 10*w**3 + 2*w**2 + 5*w + 4. What is i(-1)?
-9
Let x(o) = o**3 - o**2 - 3*o - 11. Calculate x(3).
-2
Let j(p) = -2*p + 1. Give j(-1).
3
Let n(l) = l**3 - 3*l**2 - l + 1. Calculate n(2).
-5
Let v(n) = n**3 - 15*n**2 + 10*n + 5. Determine v(14).
-51
Let o(x) = -x - 22. Determine o(-8).
-14
Let c(j) = 6*j - 7. Give c(4).
17
Let t(v) = 8*v - 29. What is t(3)?
-5
Let k(o) = -o**2 - 23*o + 20. Calculate k(-22).
42
Let r(u) = -u - 5. Determine r(0).
-5
Let f(o) = o**3 - 2*o**2 - 7*o + 5. What is f(5)?
45
Let x(r) = -r**2 - 5*r + 15. Give x(0).
15
Let x(s) = s -